 highest common factor of 75 and n?
15
Suppose -3*q + q = -4. Calculate the highest common divisor of 1 and q.
1
Suppose -4*f + 3*v + 3 - 4 = 0, 0 = -4*f - 3*v + 17. Calculate the greatest common factor of 26 and f.
2
Suppose 2*a - 6*a - 76 = 0. Let s = 32 + a. Calculate the highest common divisor of 65 and s.
13
Let b = 9 + -10. Let n be 3/b - (-57 + -3). What is the highest common divisor of 19 and n?
19
Let x = -4 - -5. Let f(u) = 23*u + 2. Let b be f(x). What is the greatest common factor of b and 10?
5
Suppose -12 = -3*p - 4*q, -q = -3*q + 6. Suppose p = 3*d - d - 4*s, -4*d = -2*s - 12. Calculate the highest common factor of d and 2.
2
Let m = 7 - 4. Let s(l) = 0*l - 54*l**3 - 60*l**3 + l - 31*l**m. Let f be s(-1). Calculate the highest common factor of 16 and f.
16
Suppose 0 = -4*b + 2*b + 16. Calculate the highest common divisor of 24 and b.
8
Let r = -139 - -69. Let g = -10 - r. Calculate the highest common factor of g and 15.
15
Let x = 269 + -171. Calculate the highest common factor of x and 14.
14
Let z(i) = i**3 + 17*i**2 + 13*i + 10. Let r be z(-15). Calculate the highest common divisor of 106 and r.
53
Suppose 0 = -3*x, 55 = 2*v + x - 45. Let q = 74 - v. What is the highest common divisor of q and 36?
12
Suppose 78 = 5*w - 4*w. Suppose z - 33 = -m, 2*z + 0*m - w = 2*m. Let j be 8 + (1 - 0)*1. What is the highest common divisor of z and j?
9
Suppose 0 = 4*n + 3*d - 64, n + d = -0*d + 16. Calculate the highest common divisor of 56 and n.
8
Let l be (-2 - (-5 + 3))/1. Suppose 0 = 4*u - h - 86, -u + 11 = -l*u + 5*h. Calculate the highest common factor of u and 84.
21
Let q(s) = 10*s - 4. Let i be q(6). Suppose -r - 4*w + 6 = 0, r + 0*r - 4*w - 22 = 0. What is the greatest common factor of r and i?
14
Suppose f - 237 = -5*n, 2*f - 12 = 3*n - 162. Let x(h) = 3*h + 2. Let m be x(3). Let r = m + 1. What is the greatest common factor of r and n?
12
Suppose -s - 108 + 11 = -2*f, f + 3*s - 45 = 0. Suppose -2*c = 3*g - 15, 3*c - 21 = -c + 3*g. What is the greatest common factor of f and c?
6
Let a(j) = -j**3 - 8*j**2 + 6*j - 17. Let t be a(-9). What is the greatest common factor of 70 and t?
10
Suppose 280 = 7*n - 3*n. What is the highest common factor of n and 35?
35
Let r(t) = -1 - 2 - 1 + 9*t. Let h be r(2). What is the greatest common divisor of h and 35?
7
Let a(p) = -38*p - 2. Let n be a(-1). Let h(u) = -2 - 7*u + 1 - 1. Let t be h(-2). What is the greatest common factor of t and n?
12
Let u(r) be the first derivative of r**4/4 - 14*r**3/3 - 11*r**2/2 - 11*r - 3. Let z be u(15). What is the greatest common factor of z and 7?
7
Let l be (-350)/(-3) - 2/(-6). Suppose 5*c - l = 5*z - 12, 5*z = -5*c + 55. Calculate the greatest common divisor of 16 and c.
16
Suppose 0 = -x + 2*x - 252. Suppose 0 = 4*j - 4*s - x, -3*j - 2*j - s = -345. Suppose 4*n + 20 - j = 0. Calculate the greatest common factor of 12 and n.
12
Let q(d) = 4*d**2 + d + 1. Let z be q(-1). Let p be (18/15)/((-6)/(-20)). Let r = p + z. What is the greatest common factor of r and 16?
8
Let k be (-2 + (1 - -2))*-1. Let u = k - -1. Suppose -3*v - 7 = y, u*v = 5*y - 4*v - 41. What is the greatest common factor of 25 and y?
5
Suppose x - 4*w + 12 = 0, 4*x + 1 = -w + 21. Let j = x - 2. Let m = j + -1. Calculate the greatest common divisor of m and 11.
1
Suppose -3*a = b - 12 - 35, 50 = 3*a - 2*b. Suppose l + 50 = 5*l - 3*r, -2*l = 3*r - a. Calculate the greatest common divisor of l and 121.
11
Suppose -2*q + y = -28, 0*q - 4*y + 80 = 4*q. Let u = q + -3. Suppose b = -2*j + 289, 3*j - 706 = -2*j + 3*b. Calculate the highest common factor of u and j.
13
Let i = -57 - -102. Suppose y - l - 30 = 0, -3*y - 2*y + 130 = -l. Let k = y - 10. Calculate the greatest common factor of i and k.
15
Let j(u) = u**2 + 2*u - 6. Let k be j(4). Calculate the highest common divisor of k and 18.
18
Let y(n) = n**2 + n - 2. Let r be y(13). Let j = 19 - -1. Calculate the greatest common factor of r and j.
20
Suppose 5*t - 41 - 319 = 0. Let y(z) = z - 1. Let r be y(-3). Let q be 8 + 1/r*-4. What is the greatest common factor of t and q?
9
Suppose 3*d = 2*d. Suppose 32 = a + 5*s, -s - 20 = -2*a - d*s. Calculate the highest common divisor of 132 and a.
12
Suppose -5*h = -3*o - 256 - 68, -4*o - 201 = -3*h. Let w be 3/(-3) + 35 + 1. Suppose w = 3*y + 2*y. What is the highest common factor of h and y?
7
Let n = -18 - -46. Let s = n - 18. Calculate the highest common factor of s and 20.
10
Let j(p) = 3*p - 5. Let u be j(9). Let h(l) = 64*l**2 + 1. Let s be h(-1). Suppose s = q + 10. Calculate the highest common factor of u and q.
11
Suppose 5*t - 2*h + 7*h = 180, -4*t = -h - 164. Calculate the highest common divisor of t and 8.
8
Suppose -3 = -2*n - 1. What is the highest common factor of 7 and n?
1
Suppose 0 = 4*t - 2*w - 22, -4*t = 3*w - w - 2. What is the greatest common factor of t and 15?
3
Let f be 8/28 + 110/7. Let c be (-1 + -11)*40/(-15). Suppose -v + c = -0*v. What is the greatest common divisor of f and v?
16
Suppose -3*r = 2*f - 2*r, -5*r = -4*f. Suppose -4*c + f*c + 192 = 0. Let t = 20 - 14. What is the greatest common factor of t and c?
6
Suppose 2*w - 8 = -2*s, -2*w - 6 = -0*w. Suppose s*o - 6 = 4*o. Calculate the highest common divisor of 2 and o.
2
Suppose 5*h - 34 = -2*g, -5*h = 4*g + g - 100. Let p be 2 - (2/(-6) + 92/(-3)). Calculate the highest common factor of g and p.
11
Let f = 36 + 4. Suppose 3*o - 43 = 5. What is the greatest common factor of f and o?
8
Let t be 26/6 + 7/(-21). What is the greatest common divisor of t and 8?
4
Suppose -3*i = -141 + 36. What is the highest common factor of 20 and i?
5
Let u = 129 + -90. What is the highest common factor of 39 and u?
39
Let o be 2/3 - 14/(-6). Suppose -o*m - 2 = -4*m. What is the highest common factor of 4 and m?
2
Suppose -76 + 26 = -5*f. Let h = -22 - -32. Calculate the highest common factor of f and h.
10
Suppose 2*x - 78 = -12. Suppose 2*m = -0*m - l + 129, 3*m + 3*l = 189. What is the highest common divisor of x and m?
33
Let s be -48*((-7)/2 + 3). What is the greatest common divisor of s and 216?
24
Let d = 7 - 4. Suppose 0*v = -d*v - 6, 5*p + 5*v = 15. What is the highest common factor of 50 and p?
5
Suppose -51 = -2*g + 37. What is the highest common factor of g and 4?
4
Let v = 10 - 5. Let u = -14 - -24. What is the highest common divisor of v and u?
5
Suppose -5*p + 53 = -32. Let z = -21 - -38. What is the highest common factor of p and z?
17
Let f(b) = 23*b**3 - b**2. Let w be f(1). Let i be 44/6*6/4. Calculate the highest common divisor of w and i.
11
Suppose 0 = 2*r - 137 - 23. What is the greatest common factor of r and 10?
10
Suppose -4 = p, -7*b + 2*p = -3*b - 92. What is the highest common divisor of 7 and b?
7
Let q(i) = 9 + i**2 + 2*i + 3 - 6*i**3 - 11. Let s be q(-1). Calculate the greatest common factor of 9 and s.
3
Let j(y) = -2 + y**2 + 2*y + 5 + 0*y. Let l be j(-3). What is the highest common factor of l and 66?
6
Let f be 1 + (-6)/3 + 3. Suppose -g = g - 2. Calculate the greatest common factor of g and f.
1
Let v = -273 - -285. Let n(z) = -z - 15. Let t(r) = -1. Let j(b) = -n(b) + 3*t(b). Let l be j(0). What is the highest common factor of v and l?
12
Let a = -488 - -966. Suppose -5*k + 3*g + a = 0, -3*g + 0*g = -k + 86. What is the highest common factor of k and 14?
14
Suppose -13 - 3 = -4*o. Suppose 2*m = o*m - 8. Calculate the highest common factor of 16 and m.
4
Suppose -2*i + 80 = -i. Calculate the highest common factor of 32 and i.
16
Let h be 3 + 0 + -3 + -44. Let n = h + 92. Suppose -3*a = -5 - 43. What is the highest common factor of a and n?
16
Let n = 42 + -18. Suppose 3*y - 18 - n = 2*k, 54 = 4*y - 2*k. Calculate the highest common divisor of 4 and y.
4
Suppose 0 = -2*i + 14 + 32. Suppose 134 = -4*x + 502. What is the highest common factor of x and i?
23
Let f(w) = w + 18. Let q be f(6). Calculate the highest common divisor of 8 and q.
8
Suppose 4*j + 4*g - 24 = 4, -2*g - 16 = -3*j. What is the greatest common factor of 18 and j?
6
Suppose -5*t = -527 - 1078. Suppose t = 4*g + 3*l, -g + l + 153 = g. Let r = g + -54. What is the highest common factor of 3 and r?
3
Let v be ((-3)/(-4))/(27/72). Suppose s - 2*j - 1 = -8, -1 = -5*s + j. What is the highest common factor of s and v?
1
Let v(u) = u**3 